{"id":912,"date":"2020-01-16T12:10:55","date_gmt":"2020-01-16T11:10:55","guid":{"rendered":"http:\/\/shopping-samobor.hr\/?page_id=912"},"modified":"2020-01-16T12:11:00","modified_gmt":"2020-01-16T11:11:00","slug":"koristenje-kolacica","status":"publish","type":"page","link":"https:\/\/shopping-samobor.hr\/borabora\/koristenje-kolacica\/","title":{"rendered":"Kori\u0161tenje kola\u010di\u0107a"},"content":{"rendered":"<p>[et_pb_section fb_built=&#8221;1&#8243; admin_label=&#8221;section&#8221; module_class=&#8221;big-triangle&#8221; _builder_version=&#8221;3.22&#8243; background_color=&#8221;#d4d4db&#8221; parallax=&#8221;on&#8221; parallax_method=&#8221;off&#8221; custom_padding=&#8221;0px||0px|||&#8221; transparent_background=&#8221;off&#8221;][et_pb_row admin_label=&#8221;row&#8221; _builder_version=&#8221;3.25&#8243; background_size=&#8221;initial&#8221; background_position=&#8221;top_left&#8221; background_repeat=&#8221;repeat&#8221;][et_pb_column type=&#8221;4_4&#8243; _builder_version=&#8221;3.25&#8243; custom_padding=&#8221;|||&#8221; custom_padding__hover=&#8221;|||&#8221;][et_pb_text admin_label=&#8221;Kori\u0161tenje kola\u010di\u0107a&#8221; _builder_version=&#8221;4.1&#8243; background_size=&#8221;initial&#8221; background_position=&#8221;top_left&#8221; background_repeat=&#8221;repeat&#8221; hover_enabled=&#8221;0&#8243;]<\/p>\n<p>&nbsp;<\/p>\n<h1 style=\"text-align: center;\">Kori\u0161tenje kola\u010di\u0107a<\/h1>\n<h1 style=\"text-align: center;\"><a href=\"http:\/\/shopping-samobor.hr\/borabora\/wp-content\/uploads\/2015\/05\/Divider.png\" target=\"_blank\" rel=\"noopener noreferrer nofollow\"><img decoding=\"async\" class=\"alignnone size-medium wp-image-299\" src=\"http:\/\/shopping-samobor.hr\/borabora\/wp-content\/uploads\/2015\/05\/Divider-300x10.png\" alt=\"Divider\" width=\"300\" height=\"10\" \/><\/a><\/h1>\n<p>&nbsp;<\/p>\n<p>[\/et_pb_text][\/et_pb_column][\/et_pb_row][\/et_pb_section][et_pb_section fb_built=&#8221;1&#8243; _builder_version=&#8221;4.1&#8243;][et_pb_row _builder_version=&#8221;4.1&#8243;][et_pb_column _builder_version=&#8221;4.1&#8243; type=&#8221;4_4&#8243;][et_pb_text _builder_version=&#8221;4.1&#8243; hover_enabled=&#8221;0&#8243;]<\/p>\n<p><strong>Kola\u010di\u0107i \/ Cookies<\/strong><\/p>\n<p><strong>Uvjeti kori\u0161tenja kola\u010di\u0107a<\/strong><\/p>\n<p>Zadnja izmjena: 15. sije\u010dnja 2020.<\/p>\n<p>Ova web stranica koristi kola\u010di\u0107e za pobolj\u0161anje korisni\u010dkih usluga te za olak\u0161avanje navigacije na\u0161im stranicama. Ovi uvjeti kori\u0161tenja kola\u010di\u0107a dio su privatnosti shopping-samobor.hr. Kako bi Vam osigurali \u0161to bolju korisni\u010dku uslugu, potrebne su nam informacije kako i na koji na\u010din koristite na\u0161e web stranice. To posti\u017eemo kori\u0161tenjem male tekstualne datoteke koju na\u0161 web poslu\u017eitelj smje\u0161ta na web preglednik Va\u0161eg ra\u010dunala. Ponovnim dolaskom na na\u0161u web stranicu Va\u0161 web preglednik \u0161alje nam kola\u010di\u0107e natrag, tako da ih na\u0161 web server mo\u017ee prepoznati i podesiti postavke web stranice za Va\u0161e bolje kori\u0161tenje. Shopping-samobor.hr stranice ne koriste kola\u010di\u0107e koji omogu\u0107uju pokretanje programa ili postavljanje virusa na va\u0161e ra\u010dunalo, a detaljnije informacije o kori\u0161tenju kola\u010di\u0107a mo\u017eete saznati na http:\/\/www.aboutcookies.org\/.<\/p>\n<p>Kad god koristite ovu web lokaciju, informacije se mogu prikupljati pomo\u0107u kola\u010di\u0107a ili drugih tehnologija (informacije o jeziku, zemlji ili stranicama koje ste prethodno posjetili). Kola\u010di\u0107i se prvenstveno koriste u tehni\u010dke svrhe (funkcionalnost web stranice) i pohranjujemo ih do pet godina u skladu s me\u0111unarodnim standardima NAI \u2013 https:\/\/www.networkadvertising.org\/. Te se informacije ne mogu povezati ni s jednim pojedincem. Kori\u0161tenjem ove stranice prihva\u0107ate kola\u010di\u0107 u skladu s uvjetima i odredbama opisanim u ovoj obavijesti.<\/p>\n<p><strong>Koje kola\u010di\u0107e koristimo i za\u0161to?<\/strong><\/p>\n<p>\u2022 Neki od kola\u010di\u0107a koje koristimo potrebni su kako bi Vam omogu\u0107ili kvalitetnu navigaciju na\u0161im web stranicama i kako bi mogli koristiti mogu\u0107nosti pristupa sadr\u017eajima koji su dostupni samo registriranim korisnicima.<br \/>\u2022 Tako\u0111er koristimo i funkcionalne kola\u010di\u0107e kako bi zapamtili informacije o nekim odabirima koje ste napravili prilikom upotrebe na\u0161ih web stranica, npr. odabir jezika ili dr\u017eave koju ste odabrali ili ankete\/upitnika kojeg ste ve\u0107 popunili. Ove informacije su anonimne i ne koriste se u bilo koje druge svrhe.<br \/>\u2022 Mi ili na\u0161i davatelji usluga tako\u0111er koristimo analiti\u010dke servise koji nam poma\u017eu pratiti kako se koriste na\u0161e web stranice, koji sadr\u017eaji zanimaju na\u0161e korisnike u svrhu pobolj\u0161nja i unaprije\u0111enja rada i funkcionalnosti na\u0161ih web stranica. Osim toga, koristimo Web beacons (\u201cweb putokaze\u201d) ili \u201ctracking pixels\u201d u kombinaciji sa kola\u010di\u0107ima za pra\u0107enje broja posjetitelja te koliko \u010desto pojedini korisnici posje\u0107uju na\u0161e stranice. Ove informacije ne koristimo za identifikaciju korisnika, nego isklju\u010divo u statisti\u010dke svrhe.<\/p>\n<p>Molimo kontaktirajte nas ako \u017eelite vi\u0161e informacija o kola\u010di\u0107ima koje upotrebljavamo.<\/p>\n<p><strong>Kako kontrolirati kola\u010di\u0107e?<\/strong><\/p>\n<p>Kako je prethodno obja\u0161njeno, kori\u0161tenjem ove stranice pristali ste na postavljanje kola\u010di\u0107a na va\u0161em ra\u010dunalu. Kola\u010di\u0107e mo\u017eete kontrolirati i upravljati njima na razne na\u010dine, ali znajte da njihovo uklanjanje ili blokiranje mo\u017ee utjecati na korisni\u010dke postavke na nekim stranicama te prikazani sadr\u017eaj ne\u0107e biti u potpunosti dostupan.<br \/>Kontrola i pode\u0161avanje web preglednika. Ve\u0107ina web preglednika omogu\u0107ava pregled kola\u010di\u0107a koje imate te njihovo pojedina\u010dno brisanje ili blokadu na pojedinim ili svim stranicama. Ako izbri\u0161ete sve kola\u010di\u0107e, sve pode\u0161ene postavke na\u0161e web stranice bit \u0107e izgubljene. Vi\u0161e informacija o tome kako mijenjati postavke preglednika za blokiranje ili filtriranje kola\u010di\u0107a pogledajte na http:\/\/www.aboutcookies.org\/ ili http:\/\/www.cookiecentral.com\/faq\/.<\/p>\n<p><strong>Upravljanje analiti\u010dkim kola\u010di\u0107ima<\/strong><\/p>\n<p>Ukoliko \u017eelite, mo\u017eete se odjaviti i biti zabilje\u017eeni kao anonimni korisnik prilikom spremanja informacija od analiti\u010dkih kola\u010di\u0107a. Za analitiku koristimo u nastavku navedene davatelje usluga pa vi\u0161e o pravilima o privatnosti i kola\u010di\u0107ima saznajte na njihovim web stranicama:<br \/>Adobe: http:\/\/www.adobe.com\/privacy\/opt-out.html<br \/>Google Analytics: http:\/\/www.google.com\/analytics\/learn\/privacy.html<\/p>\n<p><strong>Dru\u0161tveni servisi i mre\u017ee<\/strong><\/p>\n<p>Na na\u0161im stranicama koristimo aktivnosti i poveznice za djeljenje i prikazivanje sadr\u017eaja putem razli\u010ditih dru\u0161tvenih servisa i mre\u017ea. Kao tre\u0107a strana, ti servisi mogu do\u0107i do nekih Va\u0161ih podataka te pratiti Va\u0161u aktivnost na Internetu. Molimo Vas da pogledate na tim stranicama uvjete kori\u0161tenja te pravila o privatnosti, kako bi se za\u0161titili od mogu\u0161h neugodnosti prilikom kori\u0161\u00a1tenja njihovih servisa.<\/p>\n<p><strong>Externe web usluge<\/strong><\/p>\n<p>Na na\u0161im stranicama ponekad koristimo vanjske web usluge za prikaz sadr\u017eaja unutar na\u0161e web stranice, npr. za prikaz slika, videa ili anketa. Kao i prethodno opisano u \u010dlanku o dru\u0161tvenim servisima, ne mo\u017eemo sprije\u010diti te servise tre\u0107e strane od prikupljanja informacija o va\u0161em kori\u0161tenju tih ugra\u0111enih sadr\u017eaja.<\/p>\n<p>[\/et_pb_text][\/et_pb_column][\/et_pb_row][\/et_pb_section]<\/p>\n","protected":false},"excerpt":{"rendered":"<p>&nbsp; Kori\u0161tenje kola\u010di\u0107a &nbsp; Kola\u010di\u0107i \/ Cookies Uvjeti kori\u0161tenja kola\u010di\u0107a Zadnja izmjena: 15. sije\u010dnja 2020. Ova web stranica koristi kola\u010di\u0107e za pobolj\u0161anje korisni\u010dkih usluga te za olak\u0161avanje navigacije na\u0161im stranicama. Ovi uvjeti kori\u0161tenja kola\u010di\u0107a dio su privatnosti shopping-samobor.hr. Kako bi Vam osigurali \u0161to bolju korisni\u010dku uslugu, potrebne su nam informacije kako i na koji na\u010din [&hellip;]<\/p>\n","protected":false},"author":5,"featured_media":0,"parent":0,"menu_order":0,"comment_status":"closed","ping_status":"closed","template":"","meta":{"_et_pb_use_builder":"on","_et_pb_old_content":"","_et_gb_content_width":"","slim_seo":{"title":"Kori\u0161tenje kola\u010di\u0107a - Shopping Gallery Samobor","description":"&nbsp; Kori\u0161tenje kola\u010di\u0107a &nbsp; Kola\u010di\u0107i \/ Cookies Uvjeti kori\u0161tenja kola\u010di\u0107a Zadnja izmjena: 15. sije\u010dnja 2020. Ova web stranica koristi kola\u010di\u0107e za pobolj\u0161a"},"iawp_total_views":35,"footnotes":""},"class_list":["post-912","page","type-page","status-publish","hentry"],"_links":{"self":[{"href":"https:\/\/shopping-samobor.hr\/borabora\/wp-json\/wp\/v2\/pages\/912","targetHints":{"allow":["GET"]}}],"collection":[{"href":"https:\/\/shopping-samobor.hr\/borabora\/wp-json\/wp\/v2\/pages"}],"about":[{"href":"https:\/\/shopping-samobor.hr\/borabora\/wp-json\/wp\/v2\/types\/page"}],"author":[{"embeddable":true,"href":"https:\/\/shopping-samobor.hr\/borabora\/wp-json\/wp\/v2\/users\/5"}],"replies":[{"embeddable":true,"href":"https:\/\/shopping-samobor.hr\/borabora\/wp-json\/wp\/v2\/comments?post=912"}],"version-history":[{"count":4,"href":"https:\/\/shopping-samobor.hr\/borabora\/wp-json\/wp\/v2\/pages\/912\/revisions"}],"predecessor-version":[{"id":917,"href":"https:\/\/shopping-samobor.hr\/borabora\/wp-json\/wp\/v2\/pages\/912\/revisions\/917"}],"wp:attachment":[{"href":"https:\/\/shopping-samobor.hr\/borabora\/wp-json\/wp\/v2\/media?parent=912"}],"curies":[{"name":"wp","href":"https:\/\/api.w.org\/{rel}","templated":true}]}}